{"id":2923,"date":"2025-01-29T23:23:05","date_gmt":"2025-01-29T22:23:05","guid":{"rendered":"https:\/\/egoitalianostore.com\/milano\/prodotti\/senza-categoria\/ula\/"},"modified":"2025-01-29T23:23:05","modified_gmt":"2025-01-29T22:23:05","slug":"ula","status":"publish","type":"product","link":"https:\/\/egoitalianostore.com\/milano\/prodotti\/novita\/ula\/","title":{"rendered":"Ula"},"content":{"rendered":"<p>Pensata per chi cerca una\u00a0<strong>poltrona girevole comfort<\/strong>\u00a0che coniughi stile e funzionalit\u00e0,\u00a0<strong>ULA<\/strong>\u00a0\u00e8 la soluzione ideale per chi desidera arredare con personalit\u00e0 senza rinunciare alla comodit\u00e0.<\/p>\n<p>La sua base girevole permette di muoversi liberamente nello spazio, ed \u00e8 l\u2019ideale per diverse attivit\u00e0, dal relax alla lettura o alla conversazione.<br \/>\nIl design ergonomico di Ula assicura un supporto ottimale alla schiena, anche grazie all\u2019<strong>extra comfort<\/strong>\u00a0fornito dal suo\u00a0<strong>cuscino poggiareni<\/strong>, che permette di godere di una\u00a0<strong>seduta rilassante e avvolgente<\/strong>. I materiali di\u00a0<strong>alta<\/strong>\u00a0<strong>qualit\u00e0<\/strong>\u00a0scelti da Egoitaliano rendono questa poltrona non solo piacevole al tatto, ma anche resistente, mantenendo intatto il suo fascino nel tempo.<\/p>\n<p>La poltrona Ula offre un\u2019incredibile possibilit\u00e0 di personalizzazione, che va oltre la semplice scelta di rivestimenti e colori. Ogni dettaglio \u00e8 pensato per adattarsi al gusto individuale: si pu\u00f2 optare per\u00a0<strong>cuciture a contrasto<\/strong>\u00a0per un effetto audace o\u00a0<strong>tono<\/strong>\u00a0<strong>su<\/strong>\u00a0<strong>tono<\/strong>\u00a0per un look pi\u00f9 elegante e armonioso. Questa\u00a0<strong>massima personalizzazione<\/strong>\u00a0permette a Ula di integrarsi in vari contesti d\u2019arredo, aggiungendo sempre un tocco di eleganza contemporanea e rispondendo alle esigenze stilistiche di ogni ambiente, dal salotto allo studio di casa.<\/p>\n","protected":false},"excerpt":{"rendered":"<p>Pensata per chi cerca una\u00a0<strong>poltrona girevole comfort<\/strong>\u00a0che coniughi stile e funzionalit\u00e0,\u00a0<strong>ULA<\/strong>\u00a0\u00e8 la soluzione ideale per chi desidera arredare con personalit\u00e0 senza rinunciare alla comodit\u00e0.<\/p>\n<p>La sua base girevole permette di muoversi liberamente nello spazio, ed \u00e8 l\u2019ideale per diverse attivit\u00e0, dal relax alla lettura o alla conversazione.<br \/>\nIl design ergonomico di Ula assicura un supporto ottimale alla schiena, anche grazie all\u2019<strong>extra comfort<\/strong>\u00a0fornito dal suo\u00a0<strong>cuscino poggiareni<\/strong>, che permette di godere di una\u00a0<strong>seduta rilassante e avvolgente<\/strong>. I materiali di\u00a0<strong>alta<\/strong>\u00a0<strong>qualit\u00e0<\/strong>\u00a0scelti da Egoitaliano rendono questa poltrona non solo piacevole al tatto, ma anche resistente, mantenendo intatto il suo fascino nel tempo.<\/p>\n<p>La poltrona Ula offre un\u2019incredibile possibilit\u00e0 di personalizzazione, che va oltre la semplice scelta di rivestimenti e colori. Ogni dettaglio \u00e8 pensato per adattarsi al gusto individuale: si pu\u00f2 optare per\u00a0<strong>cuciture a contrasto<\/strong>\u00a0per un effetto audace o\u00a0<strong>tono<\/strong>\u00a0<strong>su<\/strong>\u00a0<strong>tono<\/strong>\u00a0per un look pi\u00f9 elegante e armonioso. Questa\u00a0<strong>massima personalizzazione<\/strong>\u00a0permette a Ula di integrarsi in vari contesti d\u2019arredo, aggiungendo sempre un tocco di eleganza contemporanea e rispondendo alle esigenze stilistiche di ogni ambiente, dal salotto allo studio di casa.<\/p>\n","protected":false},"featured_media":2930,"comment_status":"open","ping_status":"closed","template":"","meta":{"_acf_changed":false,"_crosspost_to_1":false,"_crosspost_to_4":false,"_crosspost_to_8":false,"_crosspost_to_9":false,"_crosspost_to_10":false,"_crosspost_to_12":false,"_crosspost_to_13":false,"_crosspost_to_14":false,"_crosspost_to_15":false,"_crosspost_to_16":false,"_crosspost_to_17":false,"_crosspost_to_18":false,"_crosspost_to_19":false,"_crosspost_to_22":false,"_crosspost_to_23":false,"_crosspost_to_25":false,"_crosspost_to_26":false,"_crosspost_to_28":false,"_crosspost_to_29":false,"_crosspost_to_32":false,"_crosspost_to_33":false,"_crosspost_to_38":false,"_crosspost_to_39":false,"_crosspost_to_41":false,"_crosspost_to_42":false,"_crosspost_to_43":false},"product_brand":[],"product_cat":[42,43],"product_tag":[],"class_list":{"0":"post-2923","1":"product","2":"type-product","3":"status-publish","4":"has-post-thumbnail","6":"product_cat-novita","7":"product_cat-poltrone","9":"first","10":"instock","11":"shipping-taxable","12":"purchasable","13":"product-type-simple"},"acf":[],"_links":{"self":[{"href":"https:\/\/egoitalianostore.com\/milano\/wp-json\/wp\/v2\/product\/2923","targetHints":{"allow":["GET"]}}],"collection":[{"href":"https:\/\/egoitalianostore.com\/milano\/wp-json\/wp\/v2\/product"}],"about":[{"href":"https:\/\/egoitalianostore.com\/milano\/wp-json\/wp\/v2\/types\/product"}],"replies":[{"embeddable":true,"href":"https:\/\/egoitalianostore.com\/milano\/wp-json\/wp\/v2\/comments?post=2923"}],"wp:featuredmedia":[{"embeddable":true,"href":"https:\/\/egoitalianostore.com\/milano\/wp-json\/wp\/v2\/media\/2930"}],"wp:attachment":[{"href":"https:\/\/egoitalianostore.com\/milano\/wp-json\/wp\/v2\/media?parent=2923"}],"wp:term":[{"taxonomy":"product_brand","embeddable":true,"href":"https:\/\/egoitalianostore.com\/milano\/wp-json\/wp\/v2\/product_brand?post=2923"},{"taxonomy":"product_cat","embeddable":true,"href":"https:\/\/egoitalianostore.com\/milano\/wp-json\/wp\/v2\/product_cat?post=2923"},{"taxonomy":"product_tag","embeddable":true,"href":"https:\/\/egoitalianostore.com\/milano\/wp-json\/wp\/v2\/product_tag?post=2923"}],"curies":[{"name":"wp","href":"https:\/\/api.w.org\/{rel}","templated":true}]}}